{"id":6358,"date":"2015-08-26T14:18:49","date_gmt":"2015-08-26T14:18:49","guid":{"rendered":"http:\/\/www.paulcuffee.org\/?page_id=6358"},"modified":"2015-09-29T02:30:00","modified_gmt":"2015-09-29T02:30:00","slug":"plan-estrategico","status":"publish","type":"page","link":"https:\/\/www.paulcuffee.org\/es\/nosotros\/plan-estrategico\/","title":{"rendered":"Plan Estrat\u00e9gico 2015-2020"},"content":{"rendered":"<p><span style=\"font-weight: 400;\">Estimadas familias, amigos y colaboradores de la Escuela Paul Cuffee,<\/span><\/p>\n<p><span style=\"font-weight: 400;\">Es un placer para m\u00ed presentarles el <em><a href=\"https:\/\/www.paulcuffee.org\/wp-content\/uploads\/2015\/08\/PCS_Strategic_Plan_Spanish.pdf\">Plan Estrat\u00e9gico de la Escuela Paul Cuffee 2015-2020<\/a><\/em><\/span><span style=\"font-weight: 400;\">, delineando las metas escolares, objetivos y prop\u00f3sitos que marcan el mejoramiento continuo que esperamos lograr en los pr\u00f3ximos cinco a\u00f1os. El proceso de crear este plan fue altamente colaborativo involucrando a la facultad, personal escolar, familias, miembros de la junta directiva como tambi\u00e9n a miembros de la comunidad. Este grupo se reuni\u00f3 para desarrollar este plan como recurso para la escuela en el cimiento de un programa educativo de alta calidad que ayude a los estudiantes a continuar obteniendo \u00e9xito \u2013 y a lograr niveles acad\u00e9micos m\u00e1s altos que nunca antes. \u00a0\u00a0<\/span><\/p>\n<p><span style=\"font-weight: 400;\">Nuestra visi\u00f3n de los resultados delineados en este plan es tanto ambiciosa como alcanzable. Hemos trabajado arduamente d\u00e1ndole prioridad a los esfuerzos pr\u00e1cticos que tendr\u00e1n el mayor impacto en nuestros estudiantes y sus logros acad\u00e9micos. \u00a0Al mismo tiempo, el plan est\u00e1 destinado a ser un documento din\u00e1mico y cambiante que continuar\u00e1 evolucionando a consecuencia de las necesidades emergentes. Arraigado en el plan est\u00e1 nuestro compromiso al respaldo a las mejores pr\u00e1cticas mientras asistimos los avances dentro del sal\u00f3n de clases y las innovaciones que representan las pr\u00f3ximas pr\u00e1cticas. <\/span><\/p>\n<p><span style=\"font-weight: 400;\">Una hebra constante que surgi\u00f3 desde el comienzo y durante el curso del desarrollo de este plan fue la relaci\u00f3n entre el aprendizaje acad\u00e9mico y el socio-emocional. Entendemos que estos aprendizajes se complementan, en lugar de competir, en cuanto a sus intereses. La b\u00fasqueda y el logro de la excelencia acad\u00e9mica mejora el bienestar emocional y la capacidad social contribuye al \u00e9xito acad\u00e9mico. Estos esfuerzos simbi\u00f3ticos est\u00e1n bien representados en este plan. <\/span><\/p>\n<p><span style=\"font-weight: 400;\">Como en toda escuela, nuestra principal meta es mejorar el rendimiento acad\u00e9mico estudiantil. Alcanzar esta meta requiere un compromiso con nuestro programa esencia de instrucci\u00f3n, alineado a los Est\u00e1ndares Principales\u00a0Comunes del Estado. Tambi\u00e9n significa desarrollar sistemas efectivos y basados en estad\u00edsticas para apoyar a los maestros a responder a las necesidades acad\u00e9micas demostradas de los estudiantes. Reconocemos que las dato estad\u00edstico se convierte en informacional solo a trav\u00e9s de colaboraci\u00f3n, investigaci\u00f3n y di\u00e1logo. Con este fin, comprendemos el concepto de comunidades profesionales de aprendizaje, donde los maestros comparten unos con otros los comentarios de su trabajo y el de sus estudiantes. De manera que podamos aumentar nuestra habilidad de lograr estos objetivos, tambi\u00e9n hemos desarrollado estrategias en la sostenibilidad financiera. Las siguientes son nuestras principales metas:<\/span><\/p>\n<ul>\n<li><span style=\"font-weight: 400;\">Avanzar el crecimiento y logro acad\u00e9mico estudiantil<\/span><\/li>\n<li><span style=\"font-weight: 400;\">Fortalecer los sistemas de apoyo para la facultad y el personal<\/span><\/li>\n<li><span style=\"font-weight: 400;\">Asegurar la sostenibilidad financiera a largo plazo<\/span><\/li>\n<li><span style=\"font-weight: 400;\">Edificar asociaciones estrat\u00e9gicas<\/span><\/li>\n<\/ul>\n<p><span style=\"font-weight: 400;\">Este es un momento emocionante para la Escuela Paul Cuffee. Tenemos una cultura establecida fuerte y colaboradora, y una comunidad dedicada y comprometida. Estamos entusiasmados con las posibilidades de nuestro futuro. \u00a0<\/span><\/p>\n<p><span style=\"font-weight: 400;\">Atentamente,<\/span><\/p>\n<p>&nbsp;<\/p>\n<p><span style=\"font-weight: 400;\">Christopher J. Haskins<br \/>\nDirector General\u00a0<\/span><\/p>\n","protected":false},"excerpt":{"rendered":"<p>Estimadas familias, amigos y colaboradores de la Escuela Paul Cuffee, Es un placer para m\u00ed presentarles el Plan Estrat\u00e9gico de la Escuela Paul Cuffee 2015-2020, delineando las metas escolares, objetivos y prop\u00f3sitos que marcan el mejoramiento continuo que esperamos lograr<span class=\"ellipsis\">&hellip;<\/span><\/p>\n<div class=\"read-more\"><a href=\"https:\/\/www.paulcuffee.org\/es\/nosotros\/plan-estrategico\/\">Leer m\u00e1s \u203a<\/a><\/div>\n<p><!-- end of .read-more --><\/p>\n","protected":false},"author":3,"featured_media":6512,"parent":6011,"menu_order":0,"comment_status":"closed","ping_status":"closed","template":"","meta":{"_acf_changed":false,"_monsterinsights_skip_tracking":false,"_monsterinsights_sitenote_active":false,"_monsterinsights_sitenote_note":"","_monsterinsights_sitenote_category":0,"ngg_post_thumbnail":0,"footnotes":""},"tags":[],"class_list":["post-6358","page","type-page","status-publish","has-post-thumbnail","hentry"],"acf":[],"_links":{"self":[{"href":"https:\/\/www.paulcuffee.org\/es\/wp-json\/wp\/v2\/pages\/6358","targetHints":{"allow":["GET"]}}],"collection":[{"href":"https:\/\/www.paulcuffee.org\/es\/wp-json\/wp\/v2\/pages"}],"about":[{"href":"https:\/\/www.paulcuffee.org\/es\/wp-json\/wp\/v2\/types\/page"}],"author":[{"embeddable":true,"href":"https:\/\/www.paulcuffee.org\/es\/wp-json\/wp\/v2\/users\/3"}],"replies":[{"embeddable":true,"href":"https:\/\/www.paulcuffee.org\/es\/wp-json\/wp\/v2\/comments?post=6358"}],"version-history":[{"count":0,"href":"https:\/\/www.paulcuffee.org\/es\/wp-json\/wp\/v2\/pages\/6358\/revisions"}],"up":[{"embeddable":true,"href":"https:\/\/www.paulcuffee.org\/es\/wp-json\/wp\/v2\/pages\/6011"}],"wp:featuredmedia":[{"embeddable":true,"href":"https:\/\/www.paulcuffee.org\/es\/wp-json\/wp\/v2\/media\/6512"}],"wp:attachment":[{"href":"https:\/\/www.paulcuffee.org\/es\/wp-json\/wp\/v2\/media?parent=6358"}],"wp:term":[{"taxonomy":"post_tag","embeddable":true,"href":"https:\/\/www.paulcuffee.org\/es\/wp-json\/wp\/v2\/tags?post=6358"}],"curies":[{"name":"wp","href":"https:\/\/api.w.org\/{rel}","templated":true}]}}

Plan Estratégico 2015-2020

<p><span style="font-weight: 400;">Estimadas familias, amigos y colaboradores de la Escuela Paul Cuffee,</span></p>
<p><span style="font-weight: 400;">Es un placer para mí presentarles el <em><a href="https://www.paulcuffee.org/wp-content/uploads/2015/08/PCS_Strategic_Plan_Spanish.pdf">Plan Estratégico de la Escuela Paul Cuffee 2015-2020</a></em></span><span style="font-weight: 400;">, delineando las metas escolares, objetivos y propósitos que marcan el mejoramiento continuo que esperamos lograr en los próximos cinco años. El proceso de crear este plan fue altamente colaborativo involucrando a la facultad, personal escolar, familias, miembros de la junta directiva como también a miembros de la comunidad. Este grupo se reunió para desarrollar este plan como recurso para la escuela en el cimiento de un programa educativo de alta calidad que ayude a los estudiantes a continuar obteniendo éxito – y a lograr niveles académicos más altos que nunca antes.   </span></p>
<p><span style="font-weight: 400;">Nuestra visión de los resultados delineados en este plan es tanto ambiciosa como alcanzable. Hemos trabajado arduamente dándole prioridad a los esfuerzos prácticos que tendrán el mayor impacto en nuestros estudiantes y sus logros académicos.  Al mismo tiempo, el plan está destinado a ser un documento dinámico y cambiante que continuará evolucionando a consecuencia de las necesidades emergentes. Arraigado en el plan está nuestro compromiso al respaldo a las mejores prácticas mientras asistimos los avances dentro del salón de clases y las innovaciones que representan las próximas prácticas. </span></p>
<p><span style="font-weight: 400;">Una hebra constante que surgió desde el comienzo y durante el curso del desarrollo de este plan fue la relación entre el aprendizaje académico y el socio-emocional. Entendemos que estos aprendizajes se complementan, en lugar de competir, en cuanto a sus intereses. La búsqueda y el logro de la excelencia académica mejora el bienestar emocional y la capacidad social contribuye al éxito académico. Estos esfuerzos simbióticos están bien representados en este plan. </span></p>
<p><span style="font-weight: 400;">Como en toda escuela, nuestra principal meta es mejorar el rendimiento académico estudiantil. Alcanzar esta meta requiere un compromiso con nuestro programa esencia de instrucción, alineado a los Estándares Principales Comunes del Estado. También significa desarrollar sistemas efectivos y basados en estadísticas para apoyar a los maestros a responder a las necesidades académicas demostradas de los estudiantes. Reconocemos que las dato estadístico se convierte en informacional solo a través de colaboración, investigación y diálogo. Con este fin, comprendemos el concepto de comunidades profesionales de aprendizaje, donde los maestros comparten unos con otros los comentarios de su trabajo y el de sus estudiantes. De manera que podamos aumentar nuestra habilidad de lograr estos objetivos, también hemos desarrollado estrategias en la sostenibilidad financiera. Las siguientes son nuestras principales metas:</span></p>
<ul>
<li><span style="font-weight: 400;">Avanzar el crecimiento y logro académico estudiantil</span></li>
<li><span style="font-weight: 400;">Fortalecer los sistemas de apoyo para la facultad y el personal</span></li>
<li><span style="font-weight: 400;">Asegurar la sostenibilidad financiera a largo plazo</span></li>
<li><span style="font-weight: 400;">Edificar asociaciones estratégicas</span></li>
</ul>
<p><span style="font-weight: 400;">Este es un momento emocionante para la Escuela Paul Cuffee. Tenemos una cultura establecida fuerte y colaboradora, y una comunidad dedicada y comprometida. Estamos entusiasmados con las posibilidades de nuestro futuro.  </span></p>
<p><span style="font-weight: 400;">Atentamente,</span></p>
<p>&nbsp;</p>
<p><span style="font-weight: 400;">Christopher J. Haskins<br />
Director General </span></p>

<p>Estimadas familias, amigos y colaboradores de la Escuela Paul Cuffee, Es un placer para mí presentarles el Plan Estratégico de la Escuela Paul Cuffee 2015-2020, delineando las metas escolares, objetivos y propósitos que marcan el mejoramiento continuo que esperamos lograr<span class="ellipsis">&hellip;</span></p>
<div class="read-more"><a href="https://www.paulcuffee.org/es/nosotros/plan-estrategico/">Leer más ›</a></div>
<p><!-- end of .read-more --></p>
